{"id":155043,"date":"2024-10-29T12:01:22","date_gmt":"2024-10-29T11:01:22","guid":{"rendered":"https:\/\/briri.de\/ansprechpartner\/ekaterina-winter-karzinins\/"},"modified":"2024-10-29T12:01:22","modified_gmt":"2024-10-29T11:01:22","slug":"ekaterina-winter-karzinins","status":"publish","type":"ansprechpartner","link":"https:\/\/briri.de\/pl\/ansprechpartner\/ekaterina-winter-karzinins\/","title":{"rendered":"Ekaterina Winter-Karzinins"},"content":{"rendered":"<p><strong>Ksi\u0119gowo\u015b\u0107 \/ Biuro Kadr<\/strong><\/p>\n<p>Telefon: +49(0)5963\/9401-23<br \/>\nE-mail: winter-karzinins@briri.de<\/p>\n","protected":false},"featured_media":36795,"template":"","abteilung":[14],"class_list":["post-155043","ansprechpartner","type-ansprechpartner","status-publish","has-post-thumbnail","hentry","abteilung-verwaltung","post"],"_links":{"self":[{"href":"https:\/\/briri.de\/pl\/wp-json\/wp\/v2\/ansprechpartner\/155043","targetHints":{"allow":["GET"]}}],"collection":[{"href":"https:\/\/briri.de\/pl\/wp-json\/wp\/v2\/ansprechpartner"}],"about":[{"href":"https:\/\/briri.de\/pl\/wp-json\/wp\/v2\/types\/ansprechpartner"}],"wp:featuredmedia":[{"embeddable":true,"href":"https:\/\/briri.de\/pl\/wp-json\/wp\/v2\/media\/36795"}],"wp:attachment":[{"href":"https:\/\/briri.de\/pl\/wp-json\/wp\/v2\/media?parent=155043"}],"wp:term":[{"taxonomy":"abteilung","embeddable":true,"href":"https:\/\/briri.de\/pl\/wp-json\/wp\/v2\/abteilung?post=155043"}],"curies":[{"name":"wp","href":"https:\/\/api.w.org\/{rel}","templated":true}]}}

<p><strong>Księgowość / Biuro Kadr</strong></p>
<p>Telefon: +49(0)5963/9401-23<br />
E-mail: winter-karzinins@briri.de</p>
