{"id":155041,"date":"2024-10-29T12:01:22","date_gmt":"2024-10-29T11:01:22","guid":{"rendered":"https:\/\/briri.de\/ansprechpartner\/ekaterina-winter-karzinins\/"},"modified":"2025-07-17T12:07:35","modified_gmt":"2025-07-17T10:07:35","slug":"ekaterina-winter-karzinins","status":"publish","type":"ansprechpartner","link":"https:\/\/briri.de\/cs\/ansprechpartner\/ekaterina-winter-karzinins\/","title":{"rendered":"Ekaterina Winter-Karzinins"},"content":{"rendered":"<p><strong>\u00da\u010detn\u00ed \/ person\u00e1ln\u00ed odd\u011blen\u00ed<\/strong><\/p>\n<p>Telefon: +49(0)5963\/9401-23<br \/>\nE-mail: winter-karzinins@briri.de<\/p>\n","protected":false},"featured_media":36793,"template":"","abteilung":[14],"class_list":["post-155041","ansprechpartner","type-ansprechpartner","status-publish","has-post-thumbnail","hentry","abteilung-verwaltung","post"],"_links":{"self":[{"href":"https:\/\/briri.de\/cs\/wp-json\/wp\/v2\/ansprechpartner\/155041","targetHints":{"allow":["GET"]}}],"collection":[{"href":"https:\/\/briri.de\/cs\/wp-json\/wp\/v2\/ansprechpartner"}],"about":[{"href":"https:\/\/briri.de\/cs\/wp-json\/wp\/v2\/types\/ansprechpartner"}],"wp:featuredmedia":[{"embeddable":true,"href":"https:\/\/briri.de\/cs\/wp-json\/wp\/v2\/media\/36793"}],"wp:attachment":[{"href":"https:\/\/briri.de\/cs\/wp-json\/wp\/v2\/media?parent=155041"}],"wp:term":[{"taxonomy":"abteilung","embeddable":true,"href":"https:\/\/briri.de\/cs\/wp-json\/wp\/v2\/abteilung?post=155041"}],"curies":[{"name":"wp","href":"https:\/\/api.w.org\/{rel}","templated":true}]}}

<p><strong>Účetní / personální oddělení</strong></p>
<p>Telefon: +49(0)5963/9401-23<br />
E-mail: winter-karzinins@briri.de</p>
